12, what is a49 + 851?
169a
In base 16, what is 3 + -906?
-903
In base 6, what is 2325 + 0?
2325
In base 12, what is 3270 - -10?
3280
In base 15, what is -4 - 7b86b?
-7b870
In base 10, what is 1260 + 23?
1283
In base 12, what is 1299 + -12?
1287
In base 11, what is 3a988a - -1?
3a9890
In base 16, what is -c0b6 - -1?
-c0b5
In base 3, what is -10022 + 200221?
120122
In base 15, what is 3030 + -2?
302d
In base 16, what is -4b4f0 - -10?
-4b4e0
In base 3, what is -100 - -1010000?
1002200
In base 16, what is 2508 - 1?
2507
In base 5, what is 2124221 - 4?
2124212
In base 15, what is 94832 + 6?
94838
In base 13, what is -53a1 - 2?
-53a3
In base 15, what is -664a2 - -a?
-66497
In base 14, what is -5 + 60797?
60792
In base 15, what is -2300 - -2?
-22ed
In base 8, what is -73 - -1450?
1355
In base 2, what is -11100110101010 + 100?
-11100110100110
In base 3, what is -110222 - -1022?
-102200
In base 12, what is 471 + 284?
735
In base 13, what is -47b41 - -9?
-47b35
In base 10, what is 11 + -1326?
-1315
In base 6, what is 520003 - 1?
520002
In base 16, what is -585 + 3f?
-546
In base 9, what is -36421 - 1?
-36422
In base 7, what is 15 - -306306?
306324
In base 14, what is 1 + -558a?
-5589
In base 15, what is 37b206 + 0?
37b206
In base 4, what is 211111010 - 1?
211111003
In base 7, what is 105625 - 24?
105601
In base 16, what is 1d + 1e06?
1e23
In base 11, what is 20 + 28a0?
2910
In base 8, what is 3 - 30057?
-30054
In base 6, what is -3 + 5334?
5331
In base 4, what is -30313 + 31?
-30222
In base 2, what is 10100100000001011 - -100?
10100100000001111
In base 2, what is 111 - -10000001010011?
10000001011010
In base 10, what is -50677 - 19?
-50696
In base 16, what is 29 + -23?
6
In base 10, what is -317 - -47?
-270
In base 5, what is -130 - 10312?
-10442
In base 2, what is 0 - 1110110110?
-1110110110
In base 14, what is -245 + 339?
d4
In base 12, what is 5 - 2291b?
-22916
In base 13, what is 0 + -10a?
-10a
In base 3, what is 212 - 1220202?
-1212220
In base 8, what is -25173 - -14?
-25157
In base 5, what is -2 + 22110240?
22110233
In base 11, what is -109 + 540?
432
In base 5, what is 3 + -231101?
-231043
In base 7, what is 21 + 120451?
120502
In base 15, what is 32 - -87e2?
8824
In base 2, what is -110 + -101001010001001001?
-101001010001001111
In base 12, what is 22 - -5286?
52a8
In base 11, what is -926 + -5?
-930
In base 15, what is -17 - -75c?
745
In base 4, what is 201033 + -222030?
-20331
In base 10, what is 296 + -3059?
-2763
In base 9, what is -310 + 347?
37
In base 5, what is -402 + -2240?
-3142
In base 11, what is -250 + 1043?
8a3
In base 14, what is 1cb02 + 2?
1cb04
In base 12, what is 5 - 459440?
-459437
In base 15, what is 13b4a5 - -3?
13b4a8
In base 10, what is -214 - -51?
-163
In base 14, what is 7 - 90ab?
-90a4
In base 6, what is -5 + 110012?
110003
In base 14, what is -3 + 4ac49?
4ac46
In base 13, what is 18245 - -3?
18248
In base 5, what is 2 + -312311011?
-312311004
In base 14, what is 1 + -5167d?
-5167c
In base 7, what is -20303 - 25?
-20331
In base 2, what is 1001010101110011 + -1?
1001010101110010
In base 16, what is -eae + 1b?
-e93
In base 5, what is 1 - -103222?
103223
In base 7, what is 21220 + -35?
21152
In base 16, what is 3654a - -1?
3654b
In base 3, what is 1012212 - 1202?
1011010
In base 4, what is -1130030 - -1?
-1130023
In base 15, what is -6db - -8c?
-64e
In base 14, what is -20 + 657?
637
In base 6, what is 345133 - -122?
345255
In base 8, what is -277 - 10?
-307
In base 16, what is -358d4 - b?
-358df
In base 5, what is 13141 - 10?
13131
In base 4, what is 13220 - 30?
13130
In base 5, what is 400 - 1032?
-132
In base 16, what is -5 + -12b7d?
-12b82
In base 15, what is -88 + -1201?
-1289
In base 11, what is 524a3 + -29?
52475
In base 16, what is 10de + -8?
10d6
In base 13, what is -1623 + -19?
-163c
In base 13, what is -131 - -c29c?
c16b
In base 2, what is -1011110101 + -1110100010?
-11010010111
In base 3, what is 1 + 10210202022?
10210202100
In base 4, what is 2 + -2002003031?
-2002003023
In base 16, what is -41b74 - -e?
-41b66
In base 13, what is -294c + -b2?
-2a31
In base 16, what is -7b + a6?
2b
In base 5, what is 12 - 43331?
-43314
In base 7, what is 2 + -2542421?
-2542416
In base 16, what is 532 + -c2?
470
In base 6, what is 4 + -14001114?
-14001110
In base 2, what is 10010 + 101110111110?
101111010000
In base 9, what is 2166 + 10?
2176
In base 7, what is 2421 + -324?
2064
In base 8, what is -30 - 62610?
-62640
In base 10, what is -108704 - -45?
-108659
In base 4, what is -12221 - -1101?
-11120
In base 3, what is 1020 - 10100200?
-10022110
In base 2, what is 0 - 10100111011011?
-10100111011011
In base 10, what is -6 + 2947?
2941
In base 8, what is 1 + 270240?
270241
In base 7, what is -1141350 + -24?
-1141404
In base 7, what is -2151224 + -3?
-2151230
In base 11, what is 1a626 + 2?
1a628
In base 9, what is -4 - 10613?
-10617
In base 16, what is 4 - -4244?
4248
In base 4, what is -12303000 + -10?
-12303010
In base 10, what is 98 - -604?
702
In base 14, what is -273d - 1d?
-275c
In base 15, what is 2561 + -2?
255e
In base 8, what is -36201463 - 3?
-36201466
In base 10, what is 45 - 1194?
-1149
In base 8, what is -116046 + -3?
-116051
In base 4, what is 2311 + -21332?
-13021
In base 5, what is 1404210 - -2?
1404212
In base 4, what is 130 + -112102231?
-112102101
In base 15, what is 10 - 1121?
-1111
In base 3, what is -11100 - 101102100?
-101120200
In base 11, what is -119 + -125?
-243
In base 10, what is -18478 + 4?
-18474
In base 3, what is 20120111 + -2022?
20111012
In base 10, what is -4 - -43591?
43587
In base 4, what is -10203211 - 22?
-10203233
In base 2, what is -1001010101001000 - 1?
-1001010101001001
In base 5, what is -22 - 1441411?
-1441433
In base 3, what is 21000012010 + -12?
21000011221
In base 5, what is 1044011243 - 10?
1044011233
In base 11, what is 0 - -24140a?
24140a
In base 10, what is 7 + -70176?
-70169
In base 7, what is -3040 + -6?
-3046
In base 8, what is 160 + -77?
61
In base 13, what is 2579 + -3?
2576
In base 7, what is -5 + 110511?
110503
In base 11, what is -5 - 514402?
-514407
In base 14, what is -36 + -117ac?
-11804
In base 8, what is -3 - 312476?
-312501
In base 14, what is -130 + -29?
-159
In base 8, what is 0 - -1636?
1636
In base 2, what is 1010 + -100100110101?
-100100101011
In base 5, what is 231444 + -13?
231431
In base 13, what is 9 + 3b885?
3b891
In base 10, what is -121 + 14291?
14170
In base 5, what is -201234 + -1112?
-202401
In base 15, what is -468 + 145?
-323
In base 12, what is 488 - -31?
4b9
In base 15, what is -6 - 32389?
-32390
In base 13, what is 1 + 86416?
86417
In base 8, what is 25102 + 3?
25105
In base 7, what is 10304 + 11?
10315
In base 13, what is 29 + -432?
-406
In base 2, what is -10101111101011001100 - -101?
-10101111101011000111
In base 8, what is -1361 + -33?
-1414
In base 2, what is 10 - -1010011000000?
1010011000010
In base 4, what is 13301 - 123321?
-110020
In base 5, what is 320404 - -3?
320412
In base 9, what is 1416 - 31?
1375
In base 12, what is 2 - -31a0a7?
31a0a9
In base 15, what is -1a - 3c1b?
-3c36
In base 16, what is 58f0 + 4?
58f4
In base 7, what is -2 - -220623?
220621
In base 9, what is -115063 + -26?
-115100
In base 16, what is -9 + 13355?
1334c
In base 9, what is -43 + -14658?
-14712
In base 7, what is 326 + 1404?
2033
In base 6, what is -1040 + -4?
-1044
In base 14, what is -14 - 15db?
-1611
In base 9, what is 25 + -383?
-357
In base 12, what is 33b - 142?
1b9
In base 9, what is 835 + 45?
881
In base 2, what is 10111 - 1110101011?
-1110010100
In base 5, what is -134241 - 110?
-134401
In base 12, what is -5 + -2935b?
-29364
In base 10, what is -120 - 655?
-775
In base 12, what is -145 + -33?
-178
In base 6, what is 3 + 143552?
143555
In base 4, what is 10002232 + 203?
10003101
In base 11, what is -13 - -33602?
3359a
In base 4, what is -3 + 33012223?
33012220
In base 12, what is -951b7 + 2?
-951b5
In base 3, what is 111 + 22021022?
22021210
In base 14, what is 52 - -2b38?
2b8a
In base 11, what is 4 - -46576?
4657a
In base 14, what is 571b - -1?
571c
In base 4, what is -20 + 131122200?
131122120
In base 11, what is 326 + -1500?
-1185
In base 13, what is -4 + 130652?
13064b
In base 3, what is 1002021212112 + 0?
1002021212112
In base 12, what is